886113.
1801, 2713
List the prime factors of 153772.
2, 37, 1039
What are the prime factors of 2479979?
1063, 2333
What are the prime factors of 229267?
229267
List the prime factors of 578720.
2, 5, 3617
What are the prime factors of 309089?
11, 28099
What are the prime factors of 10545246?
2, 3, 585847
List the prime factors of 10976384.
2, 29, 2957
List the prime factors of 34185.
3, 5, 43, 53
What are the prime factors of 741686?
2, 11, 33713
List the prime factors of 4444910.
2, 5, 43, 10337
List the prime factors of 7459466.
2, 7, 103, 739
What are the prime factors of 14854778?
2, 541, 13729
What are the prime factors of 10353917?
7, 19, 77849
List the prime factors of 1985796.
2, 3, 227
List the prime factors of 396615.
3, 5, 137, 193
What are the prime factors of 13221823?
13221823
What are the prime factors of 204626?
2, 101, 1013
List the prime factors of 32448.
2, 3, 13
What are the prime factors of 3630423?
3, 29, 41729
List the prime factors of 2088735.
3, 5, 11, 12659
List the prime factors of 6965423.
29, 181, 1327
List the prime factors of 14707591.
43, 342037
What are the prime factors of 390178?
2, 195089
List the prime factors of 31372.
2, 11, 23, 31
What are the prime factors of 436545?
3, 5, 89, 109
What are the prime factors of 15263345?
5, 3052669
What are the prime factors of 924950?
2, 5, 13, 1423
What are the prime factors of 55681?
55681
List the prime factors of 1955385.
3, 5, 19, 2287
What are the prime factors of 819823?
819823
List the prime factors of 108991.
108991
List the prime factors of 30027.
3, 10009
List the prime factors of 3380255.
5, 676051
List the prime factors of 322464.
2, 3, 3359
List the prime factors of 5970893.
17, 351229
List the prime factors of 338118.
2, 3, 11, 47, 109
What are the prime factors of 138207?
3, 23, 2003
What are the prime factors of 43457?
43457
What are the prime factors of 178112?
2, 11, 23
What are the prime factors of 362793?
3, 31, 47, 83
What are the prime factors of 95639?
59, 1621
What are the prime factors of 144695?
5, 43, 673
What are the prime factors of 48193?
48193
List the prime factors of 1154520.
2, 3, 5, 1069
What are the prime factors of 91889?
7, 13127
List the prime factors of 25498.
2, 11, 19, 61
List the prime factors of 201666.
2, 3, 19, 29, 61
What are the prime factors of 5342031?
3, 65951
What are the prime factors of 3447890?
2, 5, 173, 1993
What are the prime factors of 18247380?
2, 3, 5, 29, 10487
What are the prime factors of 23926828?
2, 5981707
What are the prime factors of 3039190?
2, 5, 7, 11, 3947
List the prime factors of 458066.
2, 7, 32719
What are the prime factors of 96578?
2, 43, 1123
List the prime factors of 8348300.
2, 5, 31, 2693
What are the prime factors of 873312?
2, 3, 11, 827
What are the prime factors of 18069925?
5, 722797
List the prime factors of 371424.
2, 3, 53, 73
What are the prime factors of 193263?
3, 7, 9203
What are the prime factors of 6268742?
2, 23, 136277
List the prime factors of 5475299.
61, 89759
List the prime factors of 69041.
7, 1409
List the prime factors of 15819038.
2, 89, 181, 491
List the prime factors of 211891.
211891
List the prime factors of 546316.
2, 61, 2239
What are the prime factors of 415753?
13, 31981
List the prime factors of 11620271.
13, 29, 2371
List the prime factors of 33984250.
2, 5, 135937
List the prime factors of 472472.
2, 7, 11, 13, 59
List the prime factors of 298854.
2, 3, 16603
List the prime factors of 737864.
2, 92233
What are the prime factors of 3005852?
2, 751463
List the prime factors of 140306.
2, 31, 73
List the prime factors of 2524183.
2524183
What are the prime factors of 40082?
2, 7, 409
What are the prime factors of 135589?
135589
What are the prime factors of 863089?
61, 14149
What are the prime factors of 3232335?
3, 5, 229, 941
List the prime factors of 2226614.
2, 13, 85639
What are the prime factors of 24406908?
2, 3, 269, 7561
List the prime factors of 713347.
713347
What are the prime factors of 1422766?
2, 379, 1877
List the prime factors of 59242.
2, 19, 1559
What are the prime factors of 1330378?
2, 7, 95027
What are the prime factors of 158300?
2, 5, 1583
What are the prime factors of 3917179?
7, 559597
List the prime factors of 173954.
2, 11, 7907
List the prime factors of 5904894.
2, 3, 984149
What are the prime factors of 9539747?
7, 37, 36833
List the prime factors of 2227580.
2, 5, 127, 877
List the prime factors of 13729510.
2, 5, 1372951
What are the prime factors of 1245295?
5, 249059
What are the prime factors of 20445927?
3, 139, 49031
What are the prime factors of 2553474?
2, 3, 7, 11, 5527
List the prime factors of 2236977.
3, 27617
What are the prime factors of 1537960?
2, 5, 38449
List the prime factors of 2353406.
2, 11, 23, 4651
What are the prime factors of 20536597?
20536597
List the prime factors of 854711.
11, 13, 43, 139
What are the prime factors of 586794?
2, 3, 13, 7523
What are the prime factors of 5434165?
5, 11, 29, 3407
What are the prime factors of 359255?
5, 13, 5527
What are the prime factors of 770838?
2, 3, 128473
List the prime factors of 6004248.
2, 3, 101, 2477
List the prime factors of 723426.
2, 3, 11, 97, 113
List the prime factors of 2144462.
2, 1072231
List the prime factors of 202000.
2, 5, 101
List the prime factors of 6852002.
2, 41, 83561
What are the prime factors of 168852?
2, 3, 14071
List the prime factors of 10327214.
2, 5163607
List the prime factors of 5325568.
2, 71, 293
What are the prime factors of 36478300?
2, 5, 37, 9859
List the prime factors of 3413334.
2, 3, 73, 7793
List the prime factors of 23827594.
2, 7, 1701971
What are the prime factors of 344651?
47, 7333
List the prime factors of 939703.
31, 30313
What are the prime factors of 596509?
41, 14549
What are the prime factors of 3320296?
2, 7, 211, 281
What are the prime factors of 232190?
2, 5, 7, 31, 107
What are the prime factors of 53228?
2, 7, 1901
What are the prime factors of 1899808?
2, 59369
What are the prime factors of 5826032?
2, 364127
List the prime factors of 15713980.
2, 5, 47, 73, 229
What are the prime factors of 612135?
3, 5, 61, 223
What are the prime factors of 191789?
13, 14753
List the prime factors of 291117.
3, 97039
What are the prime factors of 2247696?
2, 3, 11, 43
What are the prime factors of 190006?
2, 95003
What are the prime factors of 359309?
19, 18911
List the prime factors of 3351022.
2, 79, 127, 167
What are the prime factors of 7379311?
29, 79, 3221
List the prime factors of 9966317.
19, 67, 7829
What are the prime factors of 1074808?
2, 7, 17, 1129
What are the prime factors of 745690?
2, 5, 11, 6779
List the prime factors of 799917.
3, 23, 11593
List the prime factors of 512.
2
What are the prime factors of 217827?
3, 24203
List the prime factors of 154275.
3, 5, 11, 17
What are the prime factors of 2399291?
23, 73, 1429
List the prime factors of 4632353.
11, 421123
What are the prime factors of 7579645?
5, 1515929
List the prime factors of 74402.
2, 37201
List the prime factors of 324383.
227, 1429
What are the prime factors of 394727?
394727
List the prime factors of 2577855.
3, 5, 7, 24551
What are the prime factors of 1658184?
2, 3, 11, 571
List the prime factors of 19332534.
2, 3, 13, 247853
What are the prime factors of 737217?
3, 13, 6301
What are the prime factors of 1523936?
2, 47623
List the prime factors of 1332541.
7, 41, 4643
What are the prime factors of 15441601?
7, 29, 43, 61
What are the prime factors of 485387?
7, 69341
What are the prime factors of 10639193?
61, 174413
What are the prime factors of 5576111?
43, 103, 1259
What are the prime factors of 285482?
2, 349, 409
What are the prime factors of 1403999?
229, 6131
List the prime factors of 8447839.
8447839
List the prime factors of 478197.
3, 89, 199
List the prime factors of 3271632.
2, 3, 7, 13, 107
List the prime factors of 3998690.
2, 5, 31, 12899
What are the prime factors of 379610?
2, 5, 7, 11, 17, 29
List the prime factors of 4040836.
2, 419, 2411
What are the prime factors of 1047523?
17, 43, 1433
What are the prime factors of 6498140?
2, 5, 11, 29537
What are the prime factors of 2856803?
2856803
What are the prime factors of 17032?
2, 2129
What are the prime factors of 846634?
2, 17, 37, 673
What are the prim